 Suppose z*y + 184 = 586. What are the prime factors of y?
67
Let p be (-8799)/2*-1 - (-5)/10. Let v be p/35 + (-12)/(-42). What are the prime factors of (-2552)/(-18) - (-28)/v?
2, 71
Let r(n) = -44*n - 2 - n + 15*n - 26*n. Suppose o = -4*f - 22, -2*f = 2*o + 80 - 66. List the prime factors of r(o).
2, 5, 11
Let h be -60 - 0 - (20 - 17). Let w = 92 + h. Suppose 4*f - w = 75. What are the prime factors of f?
2, 13
Let y be 12/168*-7 - 2126/4. Let f = -241 - y. List the prime factors of f.
3, 97
Let o(h) = -3*h - 51 - 53*h + 31*h. List the prime factors of o(-5).
2, 37
Let c = 35 - 39. Let n(h) = -28*h - 15. Let l(f) = -27*f - 15. Let o(r) = c*l(r) + 3*n(r). List the prime factors of o(3).
3, 29
Suppose -180*c - 110*c = -44*c - 2030238. List the prime factors of c.
3, 7, 131
Let h be 0*(2 + (-35)/15). Suppose h = -134*a + 127*a + 3290. List the prime factors of a.
2, 5, 47
Let r be (-213)/(-5) + (-4)/(-10). Let u(c) = c**3 - 42*c**2 + 124*c - 233. Let k be u(39). Let p = k + r. List the prime factors of p.
83
Let x = 3292 - -4167. List the prime factors of x.
7459
Suppose -38299 = 4*r + 3*m - 154446, -3*r = -3*m - 87084. What are the prime factors of r?
29033
Let k(b) = 5*b**2 - 3*b - 4. Suppose 0 = 4*t + 3 + 1. Let i be k(t). Suppose 0*l + 50 = r + l, i*l + 216 = 4*r. List the prime factors of r.
2, 13
Let x(o) = 56*o**2 - 5*o. Let h be x(3). Let r(j) = 4*j**2 + 3*j - 2. Let k be r(1). Suppose -k*d + h - 59 = 0. What are the prime factors of d?
2, 43
Suppose 65*z - 75*z = -3380. Let v = z - -117. List the prime factors of v.
5, 7, 13
Suppose 6*j - j = 4*u + 58569, u = -4*j + 46872. What are the prime factors of j?
11717
Suppose 65 = 5*n + 25. What are the prime factors of (-765)/(-2) + -3 - 4/n?
379
Suppose -4*j = 590 - 242. Let z(a) = -2*a**3 + 4*a**2 - 4*a + 2. Let h be z(2). What are the prime factors of h + 1 + 3 - (j + 0)?
5, 17
Suppose j + 16 = -24*a + 27*a, 4*a - 4*j - 32 = 0. Suppose 15*p + a*z = 13*p + 1574, 3935 = 5*p + z. What are the prime factors of p?
787
Suppose 20*l - 41137 + 10357 = 0. Suppose 3*g + 6*g = l. What are the prime factors of g?
3, 19
What are the prime factors of ((-10 - (-455)/39)/(-5))/((-1)/8817)?
2939
Let g = -24 + 27. Let t be 11 + (1 - g)/2. Suppose t*b - 2640 = -570. What are the prime factors of b?
3, 23
Let h be (-130)/(-585) - 412/(-9). Let n = h + 93. What are the prime factors of n?
139
Suppose 4*m - 4*u - 190 = u, -3*u = -5*m + 244. What are the prime factors of 1 + 0 + -205*(-30)/m?
2, 31
Suppose -4*k - 2*j - 3*j + 232 = 0, -2*j = 0. Suppose -194 = o - k. What are the prime factors of (14 - o)*4/10?
2, 3, 5
Suppose -14*p + 174433 = -3787. What are the prime factors of p?
2, 5, 19, 67
Let w be 6/3 - ((1 - -1) + -4). List the prime factors of -1*w/38 + 644022/703.
2, 229
Let p be -875*(-4)/36 + 4/(-18). Let y = 107 + p. Suppose -3*s + 206 = 2*h, 2*h - 2*s = -4*s + y. What are the prime factors of h?
2, 5
Let a(c) = -c**3 + 4*c**2 + 7*c - 7. Let t be a(4). Let i = 29 - t. Suppose i*y = 5*y + 96. List the prime factors of y.
2
Suppose 16*u - 1455930 = 39*u - 65*u. List the prime factors of u.
3, 5, 2311
Let v = -28 + 39. Suppose 3 - 3 = -v*o. List the prime factors of 3 + 14 + o + 3 + -2.
2, 3
Let f(v) = -v**3 - 7*v**2 - 6*v. Let o be f(-6). Suppose o = p + 3*p - 180. Suppose -46 = -46*x + p*x. List the prime factors of x.
2, 23
Suppose 0*i + 5*i = 65. Suppose -4*m = i*m - 2924. What are the prime factors of m?
2, 43
Let h = 1577 + 844. List the prime factors of h.
3, 269
Suppose -2*n - 3*c + 1431 = 0, -n + c + 3535 = 4*n. Let p = n + 34. List the prime factors of p.
2, 7, 53
Let n = -446 + 800. Suppose -z = z - n. List the prime factors of z.
3, 59
Let f(m) = -11*m + 57. Let q be f(5). Suppose 3*y + 0*y = 3*z - 2073, q*z + y - 1379 = 0. What are the prime factors of z?
2, 3, 5, 23
Let d(v) = 2*v**2 + 3*v - 17. Let q = 69 - 69. Suppose 7*n = -2*p + 3*n - 18, -n - 1 = q. What are the prime factors of d(p)?
2, 3, 5
Suppose h - 72 = -b, b + 115 - 471 = -5*h. Suppose 2*n + 3*w - 17 = -123, 4*n = 3*w - 212. Let u = n + h. What are the prime factors of u?
2, 3
Suppose -3*w = -6, -2*w = -8*d + 6*d + 256. Let v = d + 89. What are the prime factors of v?
3, 73
Let x be (1 + -1 - 0) + (-2 - -5). Suppose -4*d + x*d + 2 = 0. Suppose 3*h - 93 = 3*t, 4*h - d*h + 4*t = 50. List the prime factors of h.
29
Suppose -6*h - 447 = -165. Let g be h/3 - (-2)/3. List the prime factors of 14*3*g/(-6).
3, 5, 7
Suppose -4*k - z = 30 + 25, 0 = -5*k - z - 70. What are the prime factors of 100854/90 + (-6)/k?
19, 59
Suppose 36*v = 529684 + 214184. List the prime factors of v.
20663
Let s(j) = 535*j + 1958. List the prime factors of s(40).
2, 3, 17, 229
What are the prime factors of 207/(-621)*(0 - (2 + 3055))?
1019
Suppose -2*o - 10 = z, -5*o - 5 = -z - 2*o. What are the prime factors of 33/(-44) - 1479/z?
3, 41
Let q be 1*-3*8/(-12). Let g be 11/(-66) - (-31)/6. What are the prime factors of (6/q - g) + 21?
19
Let c be (1 - (-5 + 2)) + 10. Let h be (-14)/49 - (-32)/c. Suppose -h*t = s - 87, -5*t - 6*s = -s - 205. What are the prime factors of t?
2, 23
Suppose 0 = 9*g + 717 + 264. Let d = g + 174. List the prime factors of d.
5, 13
Let g = -353 + 1738. What are the prime factors of g?
5, 277
Let k(a) be the third derivative of 25*a**4/24 + 9*a**3 + a**2 - 51*a. What are the prime factors of k(28)?
2, 13, 29
Suppose 0 = 5205*a - 5177*a - 981036. What are the prime factors of a?
3, 17, 229
What are the prime factors of 3430665/(-42)*60/(-90)?
5, 10891
Let v(a) = -7718*a + 2441. What are the prime factors of v(-3)?
5, 5119
Let p = 217 - 214. Suppose 0 = -p*s - s + 1636. What are the prime factors of s?
409
Suppose -i = 5*k - 631, -i = 3*k - 6*k - 639. Suppose 4*y = 4*w + i, -y + 121 = 2*w - 41. Suppose -5*b + b = -y. List the prime factors of b.
2, 5
Let i(s) = s**3 - 19*s**2 + 23. Let k = -34 - -53. List the prime factors of i(k).
23
Let f(r) be the third derivative of -11*r**4/24 - 13*r**3/6 - r**2. Let g be (7 - 430/70)*-7. What are the prime factors of f(g)?
53
Let t be ((-33)/6)/(-2 - (-3)/2). Suppose 3*l = 2*h + t, h + 2*h = -2*l + 3. Suppose -4*i = l*i - 1148. List the prime factors of i.
2, 41
Let i = -11533 + 16473. List the prime factors of i.
2, 5, 13, 19
Let i = -35516 + 86182. List the prime factors of i.
2, 7, 11, 47
Let w(i) = -2*i - 216*i**3 - 10*i**2 - 3*i + 12*i**2 - 7*i**2 - 1. List the prime factors of w(-1).
5, 43
What are the prime factors of 4/(-8) + 6*(-227210)/(-120)?
2, 5, 71
List the prime factors of 2/8 - 6454150/(-200).
3, 31, 347
Let q(x) = -15*x**2 - 3*x + 3. Let y(h) = 2*h + 3. Let l be y(-1). Let n be q(l). Let b = n + 21. List the prime factors of b.
2, 3
Suppose -888*r = -867*r - 37863. List the prime factors of r.
3, 601
Suppose t - 4 = -t. Let n be (-1256)/(-942)*27/4. List the prime factors of ((-15)/n)/(t/(-6)).
5
Let n = -82 + 83. Let w be 237/(-15) - ((-30)/(-25) - n). Let y(h) = h**2 + 7*h - 19. List the prime factors of y(w).
5
Let p(j) = -777*j + 1608. What are the prime factors of p(-3)?
3, 13, 101
Let k = -3088 + 10598. List the prime factors of k.
2, 5, 751
Let c be 1375/2 + 6/(-4). Let s = c + -618. List the prime factors of s.
2, 17
Let q(l) = -31*l + 69*l + 35 - 4*l. Let s be q(20). Suppose 5*u + 11*d = 6*d + s, 4*d + 316 = 2*u. What are the prime factors of u?
2, 37
Suppose -17*w + 22535 = -12*w + 5*k, w - 4517 = -3*k. List the prime factors of w.
2, 2251
Suppose 0 = -9*z + 29 - 2. Suppose 0 = -z*x + 359 + 496. What are the prime factors of x?
3, 5, 19
Let u = -1380 - -1396. Let w = -4 + -1. List the prime factors of u/(-20) + (-269)/w.
53
Let p = 100 + 240. Let n = 672 - p. Let r = -61 + n. List the prime factors of r.
271
Let x = 1105 - 1099. Let l(k) be the first derivative of -k**4/4 + 10*k**3/3 - 4*k**2 + 9*k - 2. List the prime factors of l(x).
3, 5, 7
Let l(u) = u**3 - 17*u**2 + 12. Let r be l(17). Suppose -3065 = -r*t - 401. List the prime factors of t.
2, 3, 37
Suppose 2336*w - 2335*w = -o + 25624, 3*o - 128124 = -5*w. List the prime factors of w.
2, 3, 4271
Let t(p) = -p**3 + 9*p**2 + 6*p + 42. Let z be t(10). Suppose n + 2*v - 1073 = 0, 0 = 2*n + z*v + 3*v - 2149. List the prime factors of n.
11, 97
Suppose -22*d - 48 = -25*d. Suppose 2*b = o + d, -2*b + b + 8 = -5*o. Su